{"id":7,"date":"2020-11-04T15:22:44","date_gmt":"2020-11-04T14:22:44","guid":{"rendered":"http:\/\/www.quentelo.fr\/quentelo\/?page_id=7"},"modified":"2025-04-11T11:12:54","modified_gmt":"2025-04-11T09:12:54","slug":"bio","status":"publish","type":"page","link":"https:\/\/www.quentelo.fr\/quentelo\/bio\/","title":{"rendered":"Bio"},"content":{"rendered":"\n<p><strong>Claude QUENTELO<\/strong><\/p>\n\n\n\n<p>&#8211; Restauratrice Sculptures &#8211; Mus\u00e9e du Louvre. Paris.<br>&#8211; Monumental \u00ab\u00a0L&rsquo;arbre \u00e0 lumi\u00e8re\u00a0\u00bb Place Diderot 94100 Saint-Maur des Foss\u00e9s -France-<br>&#8211; Membre de la Fondation Taylor.<br>&#8211; Troph\u00e9e Mood M\u00e9dia Europe.<br>&#8211; Exposition 2016-2017-2018-2019 en permanence \u00e0 ProArt Gallery Duba\u00ef U.A.E<br>&#8211; MAC &lsquo;Avignon Mars 2016<br>&#8211; Exposition \u00a0\u00bbLes rencontres\u00a0\u00bb Saint-Doulchard 18230 &#8211; juin 2017<br>&#8211; Festival de Beaune \u00a0\u00bbA propos du Japon\u00a0\u00bb Chapelle de l&rsquo;Oratoire du 20-21-22 oct. 2017<br>&#8211; Alliance Fran\u00e7aise Duba\u00ef \u00a0\u00bbHommage Emirates\u00a0\u00bb\u00a0\u00a0 du 22\/11 au 11\/01\/2018<br>&#8211; Galerie Gavart 5 rue d&rsquo;Argenson 75008 Paris &#8211; 2018 -2023 &#8211; en permanence.<br>&#8211; Galerie Michel De Marmont. 2019 Montbard 21500 &#8211; en permanence. &#8211; Galerie Louis Ran\u00e7on Binic-Etables sur Mer 2020 &#8211; en permanence. &#8211; Galerie Libre Est l&rsquo;Art 75003 Paris &#8211; en permanence. &#8211; Galerie du Vert Galant 1er au 14 d\u00e9cembre 2022. &#8211; Majlis Gallery Duba\u00ef 2025<\/p>\n\n\n\n<p><strong>Prix et distinctions<\/strong><\/p>\n\n\n\n<p>Prix de sculpture Salon Nationale d\u2019Arts \/ Rambouillet<br>M\u00e9daille de bronze \/ Rueil-Malmaison<br>Deuxi\u00e8me prix de sculpture \/ Saint-Cloud<br>Deuxi\u00e8me prix de sculpture \/ Rosny-sous-Bois<br>Deuxi\u00e8me prix de sculpture du petit format \/ Rambouillet<br>Deuxi\u00e8me prix de sculpture \/ Suresnes<br>Prix des laur\u00e9ats, Mus\u00e9e des Avelines \/ Saint-Cloud<br>Premier prix de sculpture Salon du f\u00e9lin \/ Villeneuve Saint-Georges<br>Premier prix de sculpture \/ Garches<br>Prix des visiteurs Salon d\u2019arts \/ Saint Germain-les-Corbeils<br>Prix des jeunes Salon d\u2019arts \/ Versailles<br>M\u00e9dailles d\u2019or et m\u00e9dailles de bronze \/ Saint Arnoult-en-Yvelines<br>Hommage \u00e0 la sculpture fran\u00e7aise \/ Viroflay<br>Invit\u00e9e d\u2019honneur du Salon d\u2019arts \/ S\u00e8vres<br>Invit\u00e9e d\u2019honneur du Salon des artistes \/ Suresnes<br>Invit\u00e9e d\u2019honneur du Salon des antiquaires \/ Tonnerre<br>Membre du jury du Salon Cercle des Arts de Paris<br>Invit\u00e9e d\u2019honneur du Salon national d\u2019arts \/ Rambouillet, nomm\u00e9e Master<br>Invit\u00e9e d\u2019honneur du Salon d\u2019automne \/ Pavillons-sous-Bois<br>Soci\u00e9taire du Salon des Artistes du Val de Marne<br>Rencontre nationale des femmes peintres et sculpteurs \/ H\u00e9rimoncourt &amp; Rosenau<br>Invit\u00e9e d\u2019honneur du Salon d\u2019art \/ Rouen<\/p>\n\n\n\n<p><strong>Pr\u00e9sente dans de nombreux salon en France et \u00e0 l\u2019\u00e9tranger\u2026<\/strong><\/p>\n\n\n\n<p>Salon des Artistes Fran\u00e7ais &#8211; Paris \/ Salon d\u2019automne &#8211; Paris \/<br>Salon Violet \u2013 Paris\/Salon des Salons &#8211; Versailles \/<br>Salon des Jumelages &#8211; Allemagne, Belgique, Portugal \/<br>Li\u00e9nart-Gand &#8211; (Belgique) \/ Salon Berlin Mitte (Allemagne)\/ Toronto (Canada).<\/p>\n\n\n\n<p><strong>et dans les collections publiques et priv\u00e9es :<\/strong><\/p>\n\n\n\n<p>Villa M\u00e9dicis Mus\u00e9e Saint-Maur des Foss\u00e9s, LVMH, AL MAKTOUM, MOOD MEDIA, JOUVEINAL, OFIVALMO, etc&#8230;<\/p>\n\n\n\n<p><\/p>\n","protected":false},"excerpt":{"rendered":"<p>Claude QUENTELO &#8211; Restauratrice Sculptures &#8211; Mus\u00e9e du Louvre. Paris.&#8211; Monumental \u00ab\u00a0L&rsquo;arbre \u00e0 lumi\u00e8re\u00a0\u00bb Place Diderot 94100 Saint-Maur des Foss\u00e9s -France-&#8211; Membre de la Fondation Taylor.&#8211; Troph\u00e9e Mood M\u00e9dia Europe.&#8211; Exposition 2016-2017-2018-2019 en permanence \u00e0 ProArt Gallery Duba\u00ef U.A.E&#8211; MAC &hellip; <a href=\"https:\/\/www.quentelo.fr\/quentelo\/bio\/\">Continuer la lecture <span class=\"meta-nav\">&rarr;<\/span><\/a><\/p>\n","protected":false},"author":1,"featured_media":0,"parent":0,"menu_order":5,"comment_status":"closed","ping_status":"closed","template":"","meta":{"footnotes":""},"class_list":["post-7","page","type-page","status-publish","hentry"],"_links":{"self":[{"href":"https:\/\/www.quentelo.fr\/quentelo\/wp-json\/wp\/v2\/pages\/7","targetHints":{"allow":["GET"]}}],"collection":[{"href":"https:\/\/www.quentelo.fr\/quentelo\/wp-json\/wp\/v2\/pages"}],"about":[{"href":"https:\/\/www.quentelo.fr\/quentelo\/wp-json\/wp\/v2\/types\/page"}],"author":[{"embeddable":true,"href":"https:\/\/www.quentelo.fr\/quentelo\/wp-json\/wp\/v2\/users\/1"}],"replies":[{"embeddable":true,"href":"https:\/\/www.quentelo.fr\/quentelo\/wp-json\/wp\/v2\/comments?post=7"}],"version-history":[{"count":18,"href":"https:\/\/www.quentelo.fr\/quentelo\/wp-json\/wp\/v2\/pages\/7\/revisions"}],"predecessor-version":[{"id":1264,"href":"https:\/\/www.quentelo.fr\/quentelo\/wp-json\/wp\/v2\/pages\/7\/revisions\/1264"}],"wp:attachment":[{"href":"https:\/\/www.quentelo.fr\/quentelo\/wp-json\/wp\/v2\/media?parent=7"}],"curies":[{"name":"wp","href":"https:\/\/api.w.org\/{rel}","templated":true}]}}

<p><strong>Claude QUENTELO</strong></p>



<p>&#8211; Restauratrice Sculptures &#8211; Musée du Louvre. Paris.<br>&#8211; Monumental « L&rsquo;arbre à lumière » Place Diderot 94100 Saint-Maur des Fossés -France-<br>&#8211; Membre de la Fondation Taylor.<br>&#8211; Trophée Mood Média Europe.<br>&#8211; Exposition 2016-2017-2018-2019 en permanence à ProArt Gallery Dubaï U.A.E<br>&#8211; MAC &lsquo;Avignon Mars 2016<br>&#8211; Exposition  »Les rencontres » Saint-Doulchard 18230 &#8211; juin 2017<br>&#8211; Festival de Beaune  »A propos du Japon » Chapelle de l&rsquo;Oratoire du 20-21-22 oct. 2017<br>&#8211; Alliance Française Dubaï  »Hommage Emirates »   du 22/11 au 11/01/2018<br>&#8211; Galerie Gavart 5 rue d&rsquo;Argenson 75008 Paris &#8211; 2018 -2023 &#8211; en permanence.<br>&#8211; Galerie Michel De Marmont. 2019 Montbard 21500 &#8211; en permanence. &#8211; Galerie Louis Rançon Binic-Etables sur Mer 2020 &#8211; en permanence. &#8211; Galerie Libre Est l&rsquo;Art 75003 Paris &#8211; en permanence. &#8211; Galerie du Vert Galant 1er au 14 décembre 2022. &#8211; Majlis Gallery Dubaï 2025</p>



<p><strong>Prix et distinctions</strong></p>



<p>Prix de sculpture Salon Nationale d’Arts / Rambouillet<br>Médaille de bronze / Rueil-Malmaison<br>Deuxième prix de sculpture / Saint-Cloud<br>Deuxième prix de sculpture / Rosny-sous-Bois<br>Deuxième prix de sculpture du petit format / Rambouillet<br>Deuxième prix de sculpture / Suresnes<br>Prix des lauréats, Musée des Avelines / Saint-Cloud<br>Premier prix de sculpture Salon du félin / Villeneuve Saint-Georges<br>Premier prix de sculpture / Garches<br>Prix des visiteurs Salon d’arts / Saint Germain-les-Corbeils<br>Prix des jeunes Salon d’arts / Versailles<br>Médailles d’or et médailles de bronze / Saint Arnoult-en-Yvelines<br>Hommage à la sculpture française / Viroflay<br>Invitée d’honneur du Salon d’arts / Sèvres<br>Invitée d’honneur du Salon des artistes / Suresnes<br>Invitée d’honneur du Salon des antiquaires / Tonnerre<br>Membre du jury du Salon Cercle des Arts de Paris<br>Invitée d’honneur du Salon national d’arts / Rambouillet, nommée Master<br>Invitée d’honneur du Salon d’automne / Pavillons-sous-Bois<br>Sociétaire du Salon des Artistes du Val de Marne<br>Rencontre nationale des femmes peintres et sculpteurs / Hérimoncourt &amp; Rosenau<br>Invitée d’honneur du Salon d’art / Rouen</p>



<p><strong>Présente dans de nombreux salon en France et à l’étranger…</strong></p>



<p>Salon des Artistes Français &#8211; Paris / Salon d’automne &#8211; Paris /<br>Salon Violet – Paris/Salon des Salons &#8211; Versailles /<br>Salon des Jumelages &#8211; Allemagne, Belgique, Portugal /<br>Liénart-Gand &#8211; (Belgique) / Salon Berlin Mitte (Allemagne)/ Toronto (Canada).</p>



<p><strong>et dans les collections publiques et privées :</strong></p>



<p>Villa Médicis Musée Saint-Maur des Fossés, LVMH, AL MAKTOUM, MOOD MEDIA, JOUVEINAL, OFIVALMO, etc&#8230;</p>



<p></p>

<p>Claude QUENTELO &#8211; Restauratrice Sculptures &#8211; Musée du Louvre. Paris.&#8211; Monumental « L&rsquo;arbre à lumière » Place Diderot 94100 Saint-Maur des Fossés -France-&#8211; Membre de la Fondation Taylor.&#8211; Trophée Mood Média Europe.&#8211; Exposition 2016-2017-2018-2019 en permanence à ProArt Gallery Dubaï U.A.E&#8211; MAC &hellip; <a href="https://www.quentelo.fr/quentelo/bio/">Continuer la lecture <span class="meta-nav">&rarr;</span></a></p>
